*z = 25. Suppose -3*o = -z*h - 16, -4*o + 2 = -3*o - 5*h. Calculate the greatest common divisor of o and 21.
7
Let i be 1 + 1 + (11 - -7). Calculate the greatest common divisor of i and 140.
20
Let a = -3 + 10. Let u be 30/a + 4/(-14). Calculate the greatest common divisor of 36 and u.
4
Let u(x) be the second derivative of 5/2*x**2 + 0 - 1/6*x**3 - 3*x. Let d be u(-10). What is the highest common divisor of 3 and d?
3
Let p(l) = -l**3 + 7*l**2 + 9*l - 5. Let k be p(8). Suppose -k = -a + 11. Calculate the highest common divisor of a and 2.
2
Suppose 4*y + r - 4*r - 8 = 0, 10 = 5*y - 2*r. Suppose f = -0 + y. Suppose 31 = f*i - 193. What is the highest common factor of 16 and i?
16
Suppose 3*f - 129 = 63. Let w be (f/10)/((-6)/(-15)). Calculate the highest common factor of 128 and w.
16
Suppose -4*t = -64 + 24. Suppose l - 2*v - 78 = 0, 4*v + 236 = -l + 4*l. Calculate the highest common factor of l and t.
10
Let s be (-446)/(-10) - 4/(-10). Let t be (-2)/(-2 - -4) + s. Suppose -11 = 4*h - 55. What is the highest common divisor of t and h?
11
Let t be 88 - ((1 - 1) + 3). Suppose -2*o + 52 - 18 = 0. What is the highest common factor of t and o?
17
Let u be (-2)/8 + (-292)/(-16). Calculate the greatest common factor of 27 and u.
9
Let y = 0 - -1. Let o be ((-16)/(-3))/(y/3). What is the highest common divisor of o and 24?
8
Let d be 11 + (-1 + -2)/3. Let t(u) = u**2 + 6*u + 10. Let a be t(-4). What is the greatest common divisor of d and a?
2
Let r be (12/9)/(-4)*-9. Suppose -r*t = t - 144. Let q be (-3 - -1) + t + 2. Calculate the highest common factor of 18 and q.
18
Let n = 188 + -153. What is the greatest common factor of n and 7?
7
Suppose 3*d + 3*c = 66, -2*d - 2*c = c - 49. Let f = d - -37. Suppose 117 = 3*u + 9. Calculate the greatest common divisor of f and u.
18
Suppose k + 2*k = 2*j - 21, j - 21 = -2*k. Calculate the greatest common divisor of j and 105.
15
Let a(f) = -3*f - 15. Let k be a(-7). What is the highest common divisor of 9 and k?
3
Let v(j) = -41*j - 6. Let k(w) = -450*w - 65. Let l(o) = -6*k(o) + 65*v(o). Let n be l(1). Calculate the greatest common factor of n and 7.
7
Let z = 85 + -22. Calculate the highest common factor of 9 and z.
9
Suppose 0 = -2*o - o + 36. What is the greatest common divisor of 48 and o?
12
Let z be 458/3 + (-12)/18. Let k = 1 - 2. Let s(a) = -20*a**3 - 2*a**2 + 1. Let f be s(k). What is the greatest common factor of f and z?
19
Let v = 19 - 15. Calculate the highest common divisor of v and 10.
2
Suppose -3 = -o - 0. Suppose -2*v = 4*u + 1 - 5, -6 = -3*v - o*u. Calculate the greatest common divisor of v and 5.
1
Suppose -2*h - 2*n = -106, 3*h - 3*n + 4*n - 161 = 0. What is the highest common factor of 6 and h?
6
Suppose -3*j = 2*k + 2*j - 10, 0 = 3*k + 4*j - 22. Suppose -25 = 5*y, -50 = i - 2*i - 4*y. Calculate the greatest common divisor of i and k.
10
Let b be 3 + (5 - 1) + -3. Calculate the highest common factor of b and 4.
4
Let k = -10 - -12. Suppose -4*y + f = -66, -2*f + 28 = -0*y + 2*y. Calculate the greatest common factor of y and k.
2
Suppose -4*b + 2*b = 5*d - 59, 0 = -b + d + 19. Calculate the greatest common divisor of 66 and b.
22
Let p be (-2)/8 + (-45)/(-20). Suppose 5*v - 16 = -1. Calculate the greatest common factor of v and p.
1
Let b(n) be the third derivative of -n**6/120 - n**5/15 + n**4/4 + 2*n**3/3 - 3*n**2. Let p be b(-6). What is the greatest common divisor of 5 and p?
5
Let v = 77 - 74. Calculate the highest common divisor of 21 and v.
3
Let o be (-204)/(-33) - 4/22. Suppose o*r = -2*l + r + 11, 2*r = -4*l + 30. What is the highest common factor of 24 and l?
8
Let g be -10 + 11 - (-14 + (-2 - -2)). Calculate the highest common factor of 165 and g.
15
Let p be (-2 - 2)*-81 + -4. What is the greatest common divisor of p and 40?
40
Let a(c) = -2*c + 52. Let o be a(0). Let b = o + -20. Calculate the greatest common divisor of 32 and b.
32
Suppose -w + 22 = r + 4, 5*r - 3*w = 50. Let z be (4/2)/2 - -51. Calculate the greatest common divisor of z and r.
13
Let w be 46/10 - ((-36)/(-10) + -3). What is the greatest common divisor of w and 68?
4
Let i = 62 - 59. Calculate the highest common divisor of 12 and i.
3
Let n(m) = -2*m - 10. Let z be n(-6). Suppose -2*k = z*y + 3*k - 85, y + k = 47. Calculate the greatest common factor of 10 and y.
10
Suppose -32 - 33 = 5*z. Let a be 4/(4/z)*-1. What is the highest common divisor of a and 117?
13
Let j = 92 - 35. Calculate the greatest common factor of j and 38.
19
Let a be -2*(2 + 132/(-16))*-2. Let v(s) = s**2 - 6*s + 1. Let i be v(5). Let m be a/i + 10/(-40). Calculate the highest common factor of 3 and m.
3
Let w = 0 - -21. Calculate the greatest common factor of w and 63.
21
Let u(a) = -5*a - 1. Let o(s) = -s. Let m(d) = -3*o(d) + u(d). Let j be m(-2). Suppose j*n + n = 192. What is the highest common divisor of 6 and n?
6
Let v be 4*2*(-1)/(-8). Suppose 0 = 5*z + 3*c - 52, -2*z + 3 = -3*c - v. Let r(w) = w - 2. Let n be r(z). What is the greatest common divisor of n and 15?
3
Suppose -l - 3*l + 2*a + 4 = 0, -l - 3*a = 13. Let q = 2 - l. Suppose -95 = q*f - 7*f - 5*g, 4*f = 4*g + 68. Calculate the greatest common divisor of 160 and f.
20
Let y = -23 - -39. What is the highest common factor of y and 32?
16
Let z(t) = 4 - 13*t + 2*t + 4*t + 4*t. Let d be z(-4). What is the highest common divisor of d and 64?
16
Let x = 3 - -22. Calculate the greatest common factor of x and 100.
25
Let t = -11 - -5. Let j be 45/(-20)*80/t. What is the highest common factor of j and 15?
15
Let t(u) = -u**2 + 14*u. Let b be t(13). What is the greatest common factor of b and 65?
13
Let s(u) = 9 - 7 - 5 - 3*u. Let t be s(-3). Let d be (-4)/16 - 50/(-8). What is the greatest common divisor of d and t?
6
Let i = -1 - -10. Let w(o) = o**2 + 5*o. Let s = -4 + -2. Let t be w(s). Calculate the greatest common factor of t and i.
3
Let y = 7 + -4. Let r = -75 - -78. What is the highest common factor of r and y?
3
Let q(p) = 9 - 6 + 0 + 2*p + 7. Let u be q(0). What is the greatest common factor of 110 and u?
10
Suppose 4*p - 392 = -0*w - 3*w, 3*w - 395 = -p. Let d = 25 + -13. Calculate the highest common divisor of d and w.
12
Let d(q) = 6*q - 2*q + 6*q**2 + 3*q**3 - 3*q**3 - q**3 - 7. Let h be d(6). What is the greatest common divisor of h and 17?
17
Suppose 5*o = o + 68. What is the highest common divisor of o and 119?
17
Let a be (1/(-4))/((-2)/8). Calculate the highest common factor of 1 and a.
1
Let i be -118 + -1 - (3 - 6). Let d = i - -186. Calculate the highest common factor of 10 and d.
10
Let b be 5 + -5 - -1*39. Let w = -66 - -92. Calculate the greatest common factor of b and w.
13
Let v be (-4)/(3 - 1) + 4. Suppose -z = -v*u + 158 + 14, 3*z + 12 = 0. Suppose 2 = 2*n - 2, 2*c + n - 26 = 0. Calculate the greatest common factor of c and u.
12
Let m be -1*(-5)/10*14. What is the highest common divisor of m and 14?
7
Let d(g) = 33*g**2 - g. Let s be d(1). Suppose -c + s = c. Suppose -4*o + 66 = -l + 202, -l + 146 = o. Calculate the greatest common divisor of c and l.
16
Let s be (-1)/(-3) + 286/6. Calculate the highest common divisor of s and 12.
12
Let m(w) = -w**2 - 8*w + 3. Let u be m(-4). What is the highest common divisor of 133 and u?
19
Suppose 5*l + 208 = 58. Let s be (l/4)/((-3)/4). Let n = 58 - 38. What is the highest common factor of s and n?
10
Let m(i) = 2*i**2 + 14*i - 22. Let g be m(-11). What is the highest common divisor of g and 165?
33
Suppose 0 = -2*z - 0*z. Let k = z - -3. Suppose -2*x = -k*x + 6. What is the greatest common divisor of x and 54?
6
Suppose 5*h = -2 + 72. Let y(j) = -5*j + 1. Let i be y(-4). What is the highest common factor of h and i?
7
Let i(y) = 10*y + 2. Let g be i(3). Suppose -114*h = -108*h - 48. What is the greatest common factor of g and h?
8
Suppose -2*y - 2*y - 28 = 0. Let i = y - -19. Suppose 3*l + i - 33 = 0. Calculate the highest common factor of 14 and l.
7
Let c be 238/17*(1 + 1). Calculate the highest common factor of 84 and c.
28
Let q = 38 - 32. What is the greatest common factor of q and 2?
2
Let h = 28 - 10. What is the highest common divisor of h and 36?
18
Suppose 0 = -4*p - 6*p + 20. What is the greatest common divisor of p and 28?
2
Let i(l) = 2*l**2 - 16*l + 3. Let t be i(9). What is the highest 